{"id":840,"date":"2020-12-08T09:56:12","date_gmt":"2020-12-08T09:56:12","guid":{"rendered":"http:\/\/www.geschichtsverein-mecklenburg.de\/?page_id=840"},"modified":"2020-12-08T09:56:12","modified_gmt":"2020-12-08T09:56:12","slug":"mecklenburgische-jahrbuecher-134-2019","status":"publish","type":"page","link":"https:\/\/www.geschichtsverein-mecklenburg.de\/?page_id=840","title":{"rendered":"Mecklenburgische Jahrb\u00fccher 134 (2019)"},"content":{"rendered":"<h2>Inhaltsverzeichnis<\/h2>\n<h3>Jahrgang\u00a0134 (2019)<\/h3>\n<table style=\"height: 1406px;\" width=\"841\">\n<tbody>\n<tr>\n<td width=\"356\"><strong>Aufs\u00e4tze und Miszellen<\/strong><\/td>\n<td width=\"107\"><strong>\u00a0<\/strong><\/td>\n<\/tr>\n<tr>\n<td width=\"140\">Andreas R\u00f6pcke<\/td>\n<td width=\"356\">Die Siegel der Stadt Schwerin<\/td>\n<td width=\"107\">7<\/td>\n<\/tr>\n<tr>\n<td width=\"140\">Antje Koolman<\/td>\n<td width=\"356\">Das Wappen der Stadt Schwerin<\/td>\n<td width=\"107\">23<\/td>\n<\/tr>\n<tr>\n<td width=\"140\">Anke Huschner<\/td>\n<td width=\"356\">Pl\u00f6tzlich Regentin. Die Vormundschaftsregierung der Herzogin Katharina von Mecklenburg (1423 bis 1436)<\/td>\n<td width=\"107\">39<\/td>\n<\/tr>\n<tr>\n<td width=\"140\">Gyula P\u00e1pay<\/td>\n<td width=\"356\">Der verschollene Globus Tilemann Stellas von 1553<\/td>\n<td width=\"107\">95<\/td>\n<\/tr>\n<tr>\n<td width=\"140\">Indravati F\u00e9licit\u00e9<\/td>\n<td width=\"356\">Ein Geheimagent zwischen den Fronten: Mecklenburg im Zentrum eines diplomatischen Skandals zur Zeit Ludwigs XIV.<\/td>\n<td width=\"107\">117<\/td>\n<\/tr>\n<tr>\n<td width=\"140\">Bernd Kasten<\/td>\n<td width=\"356\">Bleikammer, Burgverlies und Eiserne Jungfrau im alten Schweriner Schloss (1500 bis 1850)<\/td>\n<td width=\"107\">135<\/td>\n<\/tr>\n<tr>\n<td width=\"140\">Volker Probst<\/td>\n<td width=\"356\">Der sorgenvolle Vater &#8211; Ernst und Nikolaus Barlach und die Odenwaldschule<\/td>\n<td width=\"107\">153<\/td>\n<\/tr>\n<tr>\n<td width=\"140\">Antje Strahl<\/td>\n<td width=\"356\">Untersuchungen zur Zwangsaufl\u00f6sung und Verm\u00f6gensverwaltung der mecklenburgischen Freimaurerlogen 1933 bis 1935<\/td>\n<td width=\"107\">185<\/td>\n<\/tr>\n<tr>\n<td width=\"140\">Hubertus Fischer<\/td>\n<td width=\"356\"><em>Hachschara<\/em> in Hagebow. Eine j\u00fcdische landwirtschaftliche Ausbildungsst\u00e4tte in Mecklenburg im zeitgeschichtlichen Kontext 1933 bis 1935 betrachtet<\/td>\n<td width=\"107\">235<\/td>\n<\/tr>\n<tr>\n<td width=\"140\"><em>\u00a0<\/em><\/td>\n<td width=\"356\"><strong>Dokumentation<\/strong><\/td>\n<td width=\"107\"><\/td>\n<\/tr>\n<tr>\n<td width=\"140\">Anke Huschner<\/td>\n<td width=\"356\">Begr\u00e4bnis, Beg\u00e4ngnis und Memoria Mecklenburgischer Herz\u00f6ge und Herzoginnen des 15. Jahrhunderts. Nachtr\u00e4ge zu den Stammtafeln des herzoglichen Hauses von Mecklenburg<\/td>\n<td width=\"107\">257<\/td>\n<\/tr>\n<tr>\n<td width=\"140\">Andreas R\u00f6pcke<\/td>\n<td width=\"356\">Zwei Siegel der Schweriner Bistumsverwaltung im Mittelalter<\/td>\n<td width=\"107\">279<\/td>\n<\/tr>\n<tr>\n<td width=\"140\">J\u00f6rg Ansorge<\/td>\n<td width=\"356\">Pilgerzeichen der Antoniterpr\u00e4zeptorei Tempzin in Mecklenburg<\/td>\n<td width=\"107\">283<\/td>\n<\/tr>\n<tr>\n<td width=\"140\">Volker Janke<\/td>\n<td width=\"356\">Ernst H\u00f6hne &#8211; Fotograf aus Leidenschaft. Das Ernst-H\u00f6hne-Fotoarchiv im Freilichtmuseum f\u00fcr Volkskunde Schwerin-Mue\u00df<\/td>\n<td width=\"107\">289<\/td>\n<\/tr>\n<tr>\n<td width=\"140\">Alla Dmytruk<\/td>\n<td width=\"356\">Neuerscheinungen des Jahres 2018 zur mecklenburgischen Geschichte in Auswahl<\/td>\n<td width=\"107\">309<\/td>\n<\/tr>\n<tr>\n<td width=\"140\"><\/td>\n<td width=\"356\"><strong>Vereinsnachrichten<\/strong><\/td>\n<td width=\"107\"><\/td>\n<\/tr>\n<tr>\n<td width=\"140\"><\/td>\n<td width=\"356\">T\u00e4tigkeitsbericht des Vereins f\u00fcr mecklenburgische Geschichte und Altertumskunde e. V. f\u00fcr das Jahr 2018<\/td>\n<td width=\"107\"><strong>\u00a0<\/strong>319<\/td>\n<\/tr>\n<tr>\n<td width=\"140\"><\/td>\n<td width=\"356\">Aus der Arbeit der Historischen Kommission f\u00fcr Mecklenburg e. V. 2018<\/td>\n<td width=\"107\">323<\/td>\n<\/tr>\n<tr>\n<td width=\"140\"><\/td>\n<td width=\"356\">Abk\u00fcrzungsverzeichnis<\/td>\n<td width=\"107\">327<\/td>\n<\/tr>\n<\/tbody>\n<\/table>\n","protected":false},"excerpt":{"rendered":"<p>Inhaltsverzeichnis Jahrgang\u00a0134 (2019) Aufs\u00e4tze und Miszellen \u00a0 Andreas R\u00f6pcke Die Siegel der Stadt Schwerin 7 Antje Koolman Das Wappen der Stadt Schwerin 23 Anke Huschner Pl\u00f6tzlich Regentin. Die Vormundschaftsregierung der &hellip; <a class=\"readmore\" href=\"https:\/\/www.geschichtsverein-mecklenburg.de\/?page_id=840\">Continue reading <span class=\"meta-nav\">&rarr;<\/span><\/a><\/p>\n","protected":false},"author":1,"featured_media":0,"parent":582,"menu_order":7,"comment_status":"open","ping_status":"open","template":"","meta":{"footnotes":""},"class_list":["post-840","page","type-page","status-publish","hentry"],"_links":{"self":[{"href":"https:\/\/www.geschichtsverein-mecklenburg.de\/index.php?rest_route=\/wp\/v2\/pages\/840"}],"collection":[{"href":"https:\/\/www.geschichtsverein-mecklenburg.de\/index.php?rest_route=\/wp\/v2\/pages"}],"about":[{"href":"https:\/\/www.geschichtsverein-mecklenburg.de\/index.php?rest_route=\/wp\/v2\/types\/page"}],"author":[{"embeddable":true,"href":"https:\/\/www.geschichtsverein-mecklenburg.de\/index.php?rest_route=\/wp\/v2\/users\/1"}],"replies":[{"embeddable":true,"href":"https:\/\/www.geschichtsverein-mecklenburg.de\/index.php?rest_route=%2Fwp%2Fv2%2Fcomments&post=840"}],"version-history":[{"count":2,"href":"https:\/\/www.geschichtsverein-mecklenburg.de\/index.php?rest_route=\/wp\/v2\/pages\/840\/revisions"}],"predecessor-version":[{"id":842,"href":"https:\/\/www.geschichtsverein-mecklenburg.de\/index.php?rest_route=\/wp\/v2\/pages\/840\/revisions\/842"}],"up":[{"embeddable":true,"href":"https:\/\/www.geschichtsverein-mecklenburg.de\/index.php?rest_route=\/wp\/v2\/pages\/582"}],"wp:attachment":[{"href":"https:\/\/www.geschichtsverein-mecklenburg.de\/index.php?rest_route=%2Fwp%2Fv2%2Fmedia&parent=840"}],"curies":[{"name":"wp","href":"https:\/\/api.w.org\/{rel}","templated":true}]}}

Mecklenburgische Jahrbücher 134 (2019)

<h2>Inhaltsverzeichnis</h2>
<h3>Jahrgang 134 (2019)</h3>
<table style="height: 1406px;" width="841">
<tbody>
<tr>
<td width="356"><strong>Aufsätze und Miszellen</strong></td>
<td width="107"><strong> </strong></td>
</tr>
<tr>
<td width="140">Andreas Röpcke</td>
<td width="356">Die Siegel der Stadt Schwerin</td>
<td width="107">7</td>
</tr>
<tr>
<td width="140">Antje Koolman</td>
<td width="356">Das Wappen der Stadt Schwerin</td>
<td width="107">23</td>
</tr>
<tr>
<td width="140">Anke Huschner</td>
<td width="356">Plötzlich Regentin. Die Vormundschaftsregierung der Herzogin Katharina von Mecklenburg (1423 bis 1436)</td>
<td width="107">39</td>
</tr>
<tr>
<td width="140">Gyula Pápay</td>
<td width="356">Der verschollene Globus Tilemann Stellas von 1553</td>
<td width="107">95</td>
</tr>
<tr>
<td width="140">Indravati Félicité</td>
<td width="356">Ein Geheimagent zwischen den Fronten: Mecklenburg im Zentrum eines diplomatischen Skandals zur Zeit Ludwigs XIV.</td>
<td width="107">117</td>
</tr>
<tr>
<td width="140">Bernd Kasten</td>
<td width="356">Bleikammer, Burgverlies und Eiserne Jungfrau im alten Schweriner Schloss (1500 bis 1850)</td>
<td width="107">135</td>
</tr>
<tr>
<td width="140">Volker Probst</td>
<td width="356">Der sorgenvolle Vater &#8211; Ernst und Nikolaus Barlach und die Odenwaldschule</td>
<td width="107">153</td>
</tr>
<tr>
<td width="140">Antje Strahl</td>
<td width="356">Untersuchungen zur Zwangsauflösung und Vermögensverwaltung der mecklenburgischen Freimaurerlogen 1933 bis 1935</td>
<td width="107">185</td>
</tr>
<tr>
<td width="140">Hubertus Fischer</td>
<td width="356"><em>Hachschara</em> in Hagebow. Eine jüdische landwirtschaftliche Ausbildungsstätte in Mecklenburg im zeitgeschichtlichen Kontext 1933 bis 1935 betrachtet</td>
<td width="107">235</td>
</tr>
<tr>
<td width="140"><em> </em></td>
<td width="356"><strong>Dokumentation</strong></td>
<td width="107"></td>
</tr>
<tr>
<td width="140">Anke Huschner</td>
<td width="356">Begräbnis, Begängnis und Memoria Mecklenburgischer Herzöge und Herzoginnen des 15. Jahrhunderts. Nachträge zu den Stammtafeln des herzoglichen Hauses von Mecklenburg</td>
<td width="107">257</td>
</tr>
<tr>
<td width="140">Andreas Röpcke</td>
<td width="356">Zwei Siegel der Schweriner Bistumsverwaltung im Mittelalter</td>
<td width="107">279</td>
</tr>
<tr>
<td width="140">Jörg Ansorge</td>
<td width="356">Pilgerzeichen der Antoniterpräzeptorei Tempzin in Mecklenburg</td>
<td width="107">283</td>
</tr>
<tr>
<td width="140">Volker Janke</td>
<td width="356">Ernst Höhne &#8211; Fotograf aus Leidenschaft. Das Ernst-Höhne-Fotoarchiv im Freilichtmuseum für Volkskunde Schwerin-Mueß</td>
<td width="107">289</td>
</tr>
<tr>
<td width="140">Alla Dmytruk</td>
<td width="356">Neuerscheinungen des Jahres 2018 zur mecklenburgischen Geschichte in Auswahl</td>
<td width="107">309</td>
</tr>
<tr>
<td width="140"></td>
<td width="356"><strong>Vereinsnachrichten</strong></td>
<td width="107"></td>
</tr>
<tr>
<td width="140"></td>
<td width="356">Tätigkeitsbericht des Vereins für mecklenburgische Geschichte und Altertumskunde e. V. für das Jahr 2018</td>
<td width="107"><strong> </strong>319</td>
</tr>
<tr>
<td width="140"></td>
<td width="356">Aus der Arbeit der Historischen Kommission für Mecklenburg e. V. 2018</td>
<td width="107">323</td>
</tr>
<tr>
<td width="140"></td>
<td width="356">Abkürzungsverzeichnis</td>
<td width="107">327</td>
</tr>
</tbody>
</table>

<p>Inhaltsverzeichnis Jahrgang 134 (2019) Aufsätze und Miszellen   Andreas Röpcke Die Siegel der Stadt Schwerin 7 Antje Koolman Das Wappen der Stadt Schwerin 23 Anke Huschner Plötzlich Regentin. Die Vormundschaftsregierung der &hellip; <a class="readmore" href="https://www.geschichtsverein-mecklenburg.de/?page_id=840">Continue reading <span class="meta-nav">&rarr;</span></a></p>
