{"id":6,"date":"2010-09-27T09:19:02","date_gmt":"2010-09-27T09:19:02","guid":{"rendered":"http:\/\/test.heimatkunde-mv.de\/?page_id=6"},"modified":"2026-03-05T16:14:04","modified_gmt":"2026-03-05T16:14:04","slug":"veranstaltungen","status":"publish","type":"page","link":"https:\/\/www.geschichtsverein-mecklenburg.de\/","title":{"rendered":"Veranstaltungen"},"content":{"rendered":"\n<p><strong>Bitte informieren Sie sich&nbsp;kurzfristig an dieser Stelle, ob und unter welchen Bedingungen der jeweilige Vortrag stattfinden kann.<\/strong><\/p>\n\n\n\n<p><strong>20. M\u00e4rz 2026, 18.00 Uhr<\/strong><br><em>Vortrag im Lesesaal des Landesarchivs MV, Graf-Schack-Allee 2, 19053 Schwerin<\/em><br><strong>Neuigkeiten aus Rom. Die Register der p\u00e4pstlichen Poenitentiarie als Fundgrube f\u00fcr die<br>Landesgeschichte Mecklenburgs<\/strong><br>(Dr. Andreas R\u00f6pcke, Schwerin)<\/p>\n\n\n\n<p><strong>11. April 2026<\/strong><br><strong>10.00 Uhr<\/strong><br><strong>Mitgliederversammlung des Vereins f\u00fcr mecklenburgische Geschichte und Altertumskunde e. V.<\/strong> (interne Veranstaltung)<br><strong>ca. 11.15 Uhr (Einlass gegen 11.00 Uhr)<\/strong><br><em>\u00d6ffentlicher Vortrag im Lesesaal des Landesarchivs MV, Graf-Schack-Allee 2, 19053 Schwerin<\/em><br><strong>\u201eDer gute Archivar ist nur, wer auch vergisst\u201c (Helmut Schmidt, 1986)<\/strong><br>(Dr. Wolf Karge, Schwerin)<\/p>\n\n\n\n<p>Das Veranstaltungsprogramm wird mit Mitteln der Kulturf\u00f6rderung durch das Ministerium f\u00fcr Wissenschaft, Kultur, Bundes- und Europaangelegenheiten gef\u00f6rdert.<br><\/p>\n\n\n\n<p><\/p>\n\n\n\n<p><br><\/p>\n\n\n\n<p><br><\/p>\n","protected":false},"excerpt":{"rendered":"<p>Bitte informieren Sie sich&nbsp;kurzfristig an dieser Stelle, ob und unter welchen Bedingungen der jeweilige Vortrag stattfinden kann. 20. M\u00e4rz 2026, 18.00 UhrVortrag im Lesesaal des Landesarchivs MV, Graf-Schack-Allee 2, 19053 &hellip; <a class=\"readmore\" href=\"https:\/\/www.geschichtsverein-mecklenburg.de\/\">Continue reading <span class=\"meta-nav\">&rarr;<\/span><\/a><\/p>\n","protected":false},"author":1,"featured_media":0,"parent":0,"menu_order":4,"comment_status":"closed","ping_status":"closed","template":"","meta":{"footnotes":""},"class_list":["post-6","page","type-page","status-publish","hentry"],"_links":{"self":[{"href":"https:\/\/www.geschichtsverein-mecklenburg.de\/index.php?rest_route=\/wp\/v2\/pages\/6"}],"collection":[{"href":"https:\/\/www.geschichtsverein-mecklenburg.de\/index.php?rest_route=\/wp\/v2\/pages"}],"about":[{"href":"https:\/\/www.geschichtsverein-mecklenburg.de\/index.php?rest_route=\/wp\/v2\/types\/page"}],"author":[{"embeddable":true,"href":"https:\/\/www.geschichtsverein-mecklenburg.de\/index.php?rest_route=\/wp\/v2\/users\/1"}],"replies":[{"embeddable":true,"href":"https:\/\/www.geschichtsverein-mecklenburg.de\/index.php?rest_route=%2Fwp%2Fv2%2Fcomments&post=6"}],"version-history":[{"count":309,"href":"https:\/\/www.geschichtsverein-mecklenburg.de\/index.php?rest_route=\/wp\/v2\/pages\/6\/revisions"}],"predecessor-version":[{"id":1151,"href":"https:\/\/www.geschichtsverein-mecklenburg.de\/index.php?rest_route=\/wp\/v2\/pages\/6\/revisions\/1151"}],"wp:attachment":[{"href":"https:\/\/www.geschichtsverein-mecklenburg.de\/index.php?rest_route=%2Fwp%2Fv2%2Fmedia&parent=6"}],"curies":[{"name":"wp","href":"https:\/\/api.w.org\/{rel}","templated":true}]}}

<p><strong>Bitte informieren Sie sich&nbsp;kurzfristig an dieser Stelle, ob und unter welchen Bedingungen der jeweilige Vortrag stattfinden kann.</strong></p>



<p><strong>20. März 2026, 18.00 Uhr</strong><br><em>Vortrag im Lesesaal des Landesarchivs MV, Graf-Schack-Allee 2, 19053 Schwerin</em><br><strong>Neuigkeiten aus Rom. Die Register der päpstlichen Poenitentiarie als Fundgrube für die<br>Landesgeschichte Mecklenburgs</strong><br>(Dr. Andreas Röpcke, Schwerin)</p>



<p><strong>11. April 2026</strong><br><strong>10.00 Uhr</strong><br><strong>Mitgliederversammlung des Vereins für mecklenburgische Geschichte und Altertumskunde e. V.</strong> (interne Veranstaltung)<br><strong>ca. 11.15 Uhr (Einlass gegen 11.00 Uhr)</strong><br><em>Öffentlicher Vortrag im Lesesaal des Landesarchivs MV, Graf-Schack-Allee 2, 19053 Schwerin</em><br><strong>„Der gute Archivar ist nur, wer auch vergisst“ (Helmut Schmidt, 1986)</strong><br>(Dr. Wolf Karge, Schwerin)</p>



<p>Das Veranstaltungsprogramm wird mit Mitteln der Kulturförderung durch das Ministerium für Wissenschaft, Kultur, Bundes- und Europaangelegenheiten gefördert.<br></p>



<p></p>



<p><br></p>



<p><br></p>

<p>Bitte informieren Sie sich&nbsp;kurzfristig an dieser Stelle, ob und unter welchen Bedingungen der jeweilige Vortrag stattfinden kann. 20. März 2026, 18.00 UhrVortrag im Lesesaal des Landesarchivs MV, Graf-Schack-Allee 2, 19053 &hellip; <a class="readmore" href="https://www.geschichtsverein-mecklenburg.de/">Continue reading <span class="meta-nav">&rarr;</span></a></p>
