{"id":424,"date":"2012-04-04T10:51:53","date_gmt":"2012-04-04T10:51:53","guid":{"rendered":"http:\/\/test.heimatkunde-mv.de\/?page_id=424"},"modified":"2012-10-05T07:35:00","modified_gmt":"2012-10-05T07:35:00","slug":"beiheft-zu-mjb-114-1999-festschrift-cordshagen","status":"publish","type":"page","link":"https:\/\/www.geschichtsverein-mecklenburg.de\/?page_id=424","title":{"rendered":"Beiheft zu MJB 114 (1999) Festschrift Cordshagen"},"content":{"rendered":"<h2>Inhaltsverzeichnis<\/h2>\n<h3>Beiheft zu MJB 114 (1999) Festschrift f\u00fcr Christa Cordshagen<\/h3>\n<table border=\"1\" cellspacing=\"0\" cellpadding=\"0\" width=\"650\">\n<tbody>\n<tr>\n<td width=\"196\" valign=\"top\">Karl Schmaltz und Nils R\u00fchberg<\/td>\n<td width=\"350\" valign=\"top\">\u00dcber die sogenannten \u201eSchweriner F\u00e4lschungen\u201c<\/td>\n<td width=\"104\" valign=\"top\">Seite 7<\/td>\n<\/tr>\n<tr>\n<td width=\"196\" valign=\"top\">Martin Schoebel<\/td>\n<td width=\"350\" valign=\"top\">Die Entwicklung der Pfarrorganisation im Archidiakonat Tribsees bis zur Mitte des 14. Jahrhunderts<\/td>\n<td width=\"104\" valign=\"top\">Seite 45<\/td>\n<\/tr>\n<tr>\n<td width=\"196\" valign=\"top\">Tilmann Schmidt<\/td>\n<td width=\"350\" valign=\"top\">Die Erhebung Mecklenburgs zum Herzogtum im Jahr 1348<\/td>\n<td width=\"104\" valign=\"top\">Seite 63<\/td>\n<\/tr>\n<tr>\n<td width=\"196\" valign=\"top\">Andreas R\u00f6pcke<\/td>\n<td width=\"350\" valign=\"top\">Die Br\u00fcder Junghe. Vom Schicksal zweier Schweriner Domherren des 14. Jahrhunderts<\/td>\n<td width=\"104\" valign=\"top\">Seite 75<\/td>\n<\/tr>\n<tr>\n<td width=\"196\" valign=\"top\">Gerhard Schlegel<\/td>\n<td width=\"350\" valign=\"top\">Bischof Werner Wolmers (1458-1473). Ein Reformbischof in B\u00fctzow und Schwerin<\/td>\n<td width=\"104\" valign=\"top\">Seite 97<\/td>\n<\/tr>\n<tr>\n<td width=\"196\" valign=\"top\">Sabine Pettke<\/td>\n<td width=\"350\" valign=\"top\">Magister Niehenck und Joachim Sl\u00fcter<\/td>\n<td width=\"104\" valign=\"top\">Seite 113<\/td>\n<\/tr>\n<tr>\n<td width=\"196\" valign=\"top\">Thomas Rudert<\/td>\n<td width=\"350\" valign=\"top\">Die fr\u00fchneuzeitliche Grenze als Lebenswelt. Das Beispiel der mecklenburgisch-pommerschen Landesgrenze im Bereich Fischland\/Dar\u00df<\/td>\n<td width=\"104\" valign=\"top\">Seite 129<\/td>\n<\/tr>\n<tr>\n<td width=\"196\" valign=\"top\">Uwe Rodig<\/td>\n<td width=\"350\" valign=\"top\">Grenzirrungen und Grenzverhandlungen zwischen Mecklenburg und Pommern im 16. und 17. Jahrhundert<\/td>\n<td width=\"104\" valign=\"top\">Seite 169<\/td>\n<\/tr>\n<tr>\n<td width=\"196\" valign=\"top\">Peter-Joachim Rakow<\/td>\n<td width=\"350\" valign=\"top\">\u201eUnser f\u00fcrstlich Archivum als das Fundament der f\u00fcrstlichen Regierung\u201c. Zur Situation der herzoglich-mecklenburgischen Archive im 17. und 18. Jahrhundert<\/td>\n<td width=\"104\" valign=\"top\">Seite 189<\/td>\n<\/tr>\n<tr>\n<td width=\"196\" valign=\"top\">Ernst M\u00fcnch<\/td>\n<td width=\"350\" valign=\"top\">Die Hufengr\u00f6\u00dfe \u2013 ein ungel\u00f6stes Problem mecklenburgischer Agrargeschichte. Untersuchungen und \u00dcberlegungen f\u00fcr den Rostocker Raum im 18. Jahrhundert<\/td>\n<td width=\"104\" valign=\"top\">Seite 217<\/td>\n<\/tr>\n<tr>\n<td width=\"196\" valign=\"top\">Kerstin Rahn<\/td>\n<td width=\"350\" valign=\"top\">\u201eIch bin heute ein Augen-Zeuge von einer gro\u00dfen Begebenheit gewesen \u2026\u201c. Ein mecklenburgischer Gesandter berichtet aus St. Petersburg \u00fcber den Aufstieg Katharinas, Gemahlin Zar Peters III., zur \u201eSelbstherrscherin aller Reussen\u201c im Sommer 1762<\/td>\n<td width=\"104\" valign=\"top\">Seite 245<\/td>\n<\/tr>\n<tr>\n<td width=\"196\" valign=\"top\">Niklot Kl\u00fc\u00dfendorf<\/td>\n<td width=\"350\" valign=\"top\">Die Anf\u00e4nge der mecklenburgischen M\u00fcnzwissenschaft im Spiegel der Reiseberichte des Thomas Nugent aus dem Jahr 1766<\/td>\n<td width=\"104\" valign=\"top\">Seite 251<\/td>\n<\/tr>\n<tr>\n<td width=\"196\" valign=\"top\">Antjekathrin Gra\u00dfmann<\/td>\n<td width=\"350\" valign=\"top\">Johann Carl Heinrich Dreyer und das L\u00fcbecker Archiv<\/td>\n<td width=\"104\" valign=\"top\">Seite 269<\/td>\n<\/tr>\n<tr>\n<td width=\"196\" valign=\"top\">Christel Sch\u00fctt<\/td>\n<td width=\"350\" valign=\"top\">Zur Geschichte der Juden in F\u00fcrstenberg bis zum Beginn des 19. Jahrhunderts<\/td>\n<td width=\"104\" valign=\"top\">Seite 285<\/td>\n<\/tr>\n<tr>\n<td width=\"196\" valign=\"top\">Gerhard Heitz<\/td>\n<td width=\"350\" valign=\"top\">Die mecklenburgische landwirtschaftliche Gesellschaft<\/td>\n<td width=\"104\" valign=\"top\">Seite 307<\/td>\n<\/tr>\n<tr>\n<td width=\"196\" valign=\"top\">Dieter Pocher<\/td>\n<td width=\"350\" valign=\"top\">Gutsanlagen, Herrenh\u00e4user und landwirtschaftliche Nutzbauten des 19. Jahrhunderts in Mecklenburg<\/td>\n<td width=\"104\" valign=\"top\">Seite 331<\/td>\n<\/tr>\n<tr>\n<td width=\"196\" valign=\"top\">Wolfgang Virk<\/td>\n<td width=\"350\" valign=\"top\">M\u00fcnzen und Schriften aus dem Turmknopf der Rostocker St.-Nikolai-Kirche<\/td>\n<td width=\"104\" valign=\"top\">Seite 347<\/td>\n<\/tr>\n<tr>\n<td width=\"196\" valign=\"top\">Hans-Heinz Sch\u00fctt<\/td>\n<td width=\"350\" valign=\"top\">Vom \u201eStierkopfwappen\u201c zum \u201eKoggenwappen\u201c. Die Wappen der Hansestadt Wismar<\/td>\n<td width=\"104\" valign=\"top\">Seite 361<\/td>\n<\/tr>\n<tr>\n<td width=\"196\" valign=\"top\">Bernd Kasten<\/td>\n<td width=\"350\" valign=\"top\">Das sogenannte \u201eDolchsto\u00df-Denkmal\u201c im Schweriner Schlossgarten<\/td>\n<td width=\"104\" valign=\"top\">Seite 379<\/td>\n<\/tr>\n<tr>\n<td width=\"196\" valign=\"top\">Friedel Krohn<\/td>\n<td width=\"350\" valign=\"top\">Bibliographie Christa Cordshagen<\/td>\n<td width=\"104\" valign=\"top\">Seite 389<\/td>\n<\/tr>\n<\/tbody>\n<\/table>\n","protected":false},"excerpt":{"rendered":"<p>Inhaltsverzeichnis Beiheft zu MJB 114 (1999) Festschrift f\u00fcr Christa Cordshagen Karl Schmaltz und Nils R\u00fchberg \u00dcber die sogenannten \u201eSchweriner F\u00e4lschungen\u201c Seite 7 Martin Schoebel Die Entwicklung der Pfarrorganisation im Archidiakonat &hellip; <a class=\"readmore\" href=\"https:\/\/www.geschichtsverein-mecklenburg.de\/?page_id=424\">Continue reading <span class=\"meta-nav\">&rarr;<\/span><\/a><\/p>\n","protected":false},"author":1,"featured_media":0,"parent":243,"menu_order":0,"comment_status":"open","ping_status":"open","template":"","meta":{"footnotes":""},"class_list":["post-424","page","type-page","status-publish","hentry"],"_links":{"self":[{"href":"https:\/\/www.geschichtsverein-mecklenburg.de\/index.php?rest_route=\/wp\/v2\/pages\/424"}],"collection":[{"href":"https:\/\/www.geschichtsverein-mecklenburg.de\/index.php?rest_route=\/wp\/v2\/pages"}],"about":[{"href":"https:\/\/www.geschichtsverein-mecklenburg.de\/index.php?rest_route=\/wp\/v2\/types\/page"}],"author":[{"embeddable":true,"href":"https:\/\/www.geschichtsverein-mecklenburg.de\/index.php?rest_route=\/wp\/v2\/users\/1"}],"replies":[{"embeddable":true,"href":"https:\/\/www.geschichtsverein-mecklenburg.de\/index.php?rest_route=%2Fwp%2Fv2%2Fcomments&post=424"}],"version-history":[{"count":4,"href":"https:\/\/www.geschichtsverein-mecklenburg.de\/index.php?rest_route=\/wp\/v2\/pages\/424\/revisions"}],"predecessor-version":[{"id":427,"href":"https:\/\/www.geschichtsverein-mecklenburg.de\/index.php?rest_route=\/wp\/v2\/pages\/424\/revisions\/427"}],"up":[{"embeddable":true,"href":"https:\/\/www.geschichtsverein-mecklenburg.de\/index.php?rest_route=\/wp\/v2\/pages\/243"}],"wp:attachment":[{"href":"https:\/\/www.geschichtsverein-mecklenburg.de\/index.php?rest_route=%2Fwp%2Fv2%2Fmedia&parent=424"}],"curies":[{"name":"wp","href":"https:\/\/api.w.org\/{rel}","templated":true}]}}