{"id":358,"date":"2012-03-28T16:44:20","date_gmt":"2012-03-28T16:44:20","guid":{"rendered":"http:\/\/test.heimatkunde-mv.de\/?page_id=358"},"modified":"2012-04-04T09:35:37","modified_gmt":"2012-04-04T09:35:37","slug":"mecklenburgische-jahrbucher-2009","status":"publish","type":"page","link":"https:\/\/www.geschichtsverein-mecklenburg.de\/?page_id=358","title":{"rendered":"Mecklenburgische Jahrb\u00fccher  124 (2009)"},"content":{"rendered":"<h2>Inhaltsverzeichnis<\/h2>\n<h3>Jahrgang 124 (2009)<\/h3>\n<table border=\"1\" cellspacing=\"0\" cellpadding=\"0\" width=\"650\">\n<tbody>\n<tr>\n<td width=\"196\" valign=\"top\">Michael R. Hofmann<\/td>\n<td width=\"350\" valign=\"top\">Die Ordenszugeh\u00f6rigkeit des Klosters Sonnenkamp zu Neukloster<\/td>\n<td width=\"104\" valign=\"top\">Seite 7<\/td>\n<\/tr>\n<tr>\n<td width=\"196\" valign=\"top\">Bernd Ulrich Hucker<\/td>\n<td width=\"350\" valign=\"top\">Die Grafen von Schwerin \u2013 hoch- und sp\u00e4tmittelalterliche Landes- und Standesherren in Mecklenburg (1160-1358)<\/td>\n<td width=\"104\" valign=\"top\">Seite 31<\/td>\n<\/tr>\n<tr>\n<td width=\"196\" valign=\"top\">Andreas R\u00f6pcke<\/td>\n<td width=\"350\" valign=\"top\">Der Verkauf der Grafschaft Schwerin 1358<\/td>\n<td width=\"104\" valign=\"top\">Seite 47<\/td>\n<\/tr>\n<tr>\n<td width=\"196\" valign=\"top\">Wolfgang Bockhorst<\/td>\n<td width=\"350\" valign=\"top\">Die Grafen von Tecklenburg aus dem Haus Schwerin<\/td>\n<td width=\"104\" valign=\"top\">Seite 63<\/td>\n<\/tr>\n<tr>\n<td width=\"196\" valign=\"top\">Nadine Mai<\/td>\n<td width=\"350\" valign=\"top\">Das Loste-Rentabel im Dom zu Schwerin. Form und Funktion einer sp\u00e4tmittelalterlichen Stiftung<\/td>\n<td width=\"104\" valign=\"top\">Seite 85<\/td>\n<\/tr>\n<tr>\n<td width=\"196\" valign=\"top\">Matthias Manke<\/td>\n<td width=\"350\" valign=\"top\">Tagediebe, Trunkenbolde, Totschl\u00e4ger. Soldatenrekrutierung zwischen Bestrafung und Barmherzigkeit in Mecklenburg-Schwerin am Ende des 18. Jahrhunderts<\/td>\n<td width=\"104\" valign=\"top\">Seite 131<\/td>\n<\/tr>\n<tr>\n<td width=\"196\" valign=\"top\">Dirk Alvermann<\/td>\n<td width=\"350\" valign=\"top\">Ludwig Gotthard Kosegarten (1758-1818). Thematische Ann\u00e4herungen<\/td>\n<td width=\"104\" valign=\"top\">Seite 169<\/td>\n<\/tr>\n<tr>\n<td width=\"196\" valign=\"top\">Bernd Kasten<\/td>\n<td width=\"350\" valign=\"top\">Die Monarchie als Fassade \u2013 Hofskandale in Mecklenburg 1850-1930<\/td>\n<td width=\"104\" valign=\"top\">Seite 213<\/td>\n<\/tr>\n<tr>\n<td width=\"196\" valign=\"top\">Andreas Frost<\/td>\n<td width=\"350\" valign=\"top\">Neue Details zum Tod von Gro\u00dfherzog Adolf Friedrich VI.<\/td>\n<td width=\"104\" valign=\"top\">Seite 239<\/td>\n<\/tr>\n<tr>\n<td width=\"196\" valign=\"top\">Horst Sieber<\/td>\n<td width=\"350\" valign=\"top\">Kampf der Wei\u00dfen Seuche. Zur Geschichte des Mecklenburgischen Landesvereins zur Gr\u00fcndung von Lungenheilst\u00e4tten<\/td>\n<td width=\"104\" valign=\"top\">Seite 283<\/td>\n<\/tr>\n<tr>\n<td width=\"196\" valign=\"top\">Wolfgang Bl\u00f6\u00df<\/td>\n<td width=\"350\" valign=\"top\">Zwischen fehlender Souver\u00e4nit\u00e4t und Deutschlandpolitik. Die brandenburgisch-mecklenburgische Grenze 1945-1952<\/td>\n<td width=\"104\" valign=\"top\">Seite 303<\/td>\n<\/tr>\n<tr>\n<td width=\"196\" valign=\"top\">Antje Koolman<\/td>\n<td width=\"350\" valign=\"top\">Die Wiederbelebung einer jugendlichen Schw\u00e4rmerei. Briefe Herzog Georgs von Mecklenburg-Strelitz an Madame Julie R\u00e9camier aus Beginn und Mitte des 19. Jahrhunderts<\/td>\n<td width=\"104\" valign=\"top\">Seite 343<\/td>\n<\/tr>\n<tr>\n<td width=\"196\" valign=\"top\">Christine Rehberg-Cred\u00e9<\/td>\n<td width=\"350\" valign=\"top\">Erinnerungen der Anna von der Schulenburg an ihre Zeit als Hofdame bei Gro\u00dfherzogin Anastasia 1903. Eine ungedruckte Quelle im Stadtarchiv Schwerin<\/td>\n<td width=\"104\" valign=\"top\">Seite 367<\/td>\n<\/tr>\n<tr>\n<td width=\"196\" valign=\"top\">\u00a0<\/td>\n<td width=\"350\" valign=\"top\">Tuberkulose-Bek\u00e4mpfung. Die Tageserholungsst\u00e4tte im Schweriner Schlossgarten<\/td>\n<td width=\"104\" valign=\"top\">Seite 401<\/td>\n<\/tr>\n<tr>\n<td width=\"196\" valign=\"top\">Alla Dmytruk<\/td>\n<td width=\"350\" valign=\"top\">Neuerscheinungen des Jahres 2008 zur mecklenburgischen Geschichte in Auswahl<\/td>\n<td width=\"104\" valign=\"top\">Seite 405<\/td>\n<\/tr>\n<tr>\n<td width=\"196\" valign=\"top\">\u00a0<\/td>\n<td width=\"350\" valign=\"top\">T\u00e4tigkeitsbericht des Vereins f\u00fcr mecklenburgische Geschichte und Altertumskunde e. V. f\u00fcr das Jahr 2008<\/td>\n<td width=\"104\" valign=\"top\">Seite 417<\/td>\n<\/tr>\n<tr>\n<td width=\"196\" valign=\"top\">\u00a0<\/td>\n<td width=\"350\" valign=\"top\">Aus der Arbeit der Historischen Kommission f\u00fcr Mecklenburg e. V.<\/td>\n<td width=\"104\" valign=\"top\">Seite 420<\/td>\n<\/tr>\n<\/tbody>\n<\/table>\n","protected":false},"excerpt":{"rendered":"<p>Inhaltsverzeichnis Jahrgang 124 (2009) Michael R. Hofmann Die Ordenszugeh\u00f6rigkeit des Klosters Sonnenkamp zu Neukloster Seite 7 Bernd Ulrich Hucker Die Grafen von Schwerin \u2013 hoch- und sp\u00e4tmittelalterliche Landes- und Standesherren &hellip; <a class=\"readmore\" href=\"https:\/\/www.geschichtsverein-mecklenburg.de\/?page_id=358\">Continue reading <span class=\"meta-nav\">&rarr;<\/span><\/a><\/p>\n","protected":false},"author":1,"featured_media":0,"parent":245,"menu_order":7,"comment_status":"open","ping_status":"open","template":"","meta":{"footnotes":""},"class_list":["post-358","page","type-page","status-publish","hentry"],"_links":{"self":[{"href":"https:\/\/www.geschichtsverein-mecklenburg.de\/index.php?rest_route=\/wp\/v2\/pages\/358"}],"collection":[{"href":"https:\/\/www.geschichtsverein-mecklenburg.de\/index.php?rest_route=\/wp\/v2\/pages"}],"about":[{"href":"https:\/\/www.geschichtsverein-mecklenburg.de\/index.php?rest_route=\/wp\/v2\/types\/page"}],"author":[{"embeddable":true,"href":"https:\/\/www.geschichtsverein-mecklenburg.de\/index.php?rest_route=\/wp\/v2\/users\/1"}],"replies":[{"embeddable":true,"href":"https:\/\/www.geschichtsverein-mecklenburg.de\/index.php?rest_route=%2Fwp%2Fv2%2Fcomments&post=358"}],"version-history":[{"count":5,"href":"https:\/\/www.geschichtsverein-mecklenburg.de\/index.php?rest_route=\/wp\/v2\/pages\/358\/revisions"}],"predecessor-version":[{"id":419,"href":"https:\/\/www.geschichtsverein-mecklenburg.de\/index.php?rest_route=\/wp\/v2\/pages\/358\/revisions\/419"}],"up":[{"embeddable":true,"href":"https:\/\/www.geschichtsverein-mecklenburg.de\/index.php?rest_route=\/wp\/v2\/pages\/245"}],"wp:attachment":[{"href":"https:\/\/www.geschichtsverein-mecklenburg.de\/index.php?rest_route=%2Fwp%2Fv2%2Fmedia&parent=358"}],"curies":[{"name":"wp","href":"https:\/\/api.w.org\/{rel}","templated":true}]}}

Mecklenburgische Jahrbücher  124 (2009)

<h2>Inhaltsverzeichnis</h2>
<h3>Jahrgang 124 (2009)</h3>
<table border="1" cellspacing="0" cellpadding="0" width="650">
<tbody>
<tr>
<td width="196" valign="top">Michael R. Hofmann</td>
<td width="350" valign="top">Die Ordenszugehörigkeit des Klosters Sonnenkamp zu Neukloster</td>
<td width="104" valign="top">Seite 7</td>
</tr>
<tr>
<td width="196" valign="top">Bernd Ulrich Hucker</td>
<td width="350" valign="top">Die Grafen von Schwerin – hoch- und spätmittelalterliche Landes- und Standesherren in Mecklenburg (1160-1358)</td>
<td width="104" valign="top">Seite 31</td>
</tr>
<tr>
<td width="196" valign="top">Andreas Röpcke</td>
<td width="350" valign="top">Der Verkauf der Grafschaft Schwerin 1358</td>
<td width="104" valign="top">Seite 47</td>
</tr>
<tr>
<td width="196" valign="top">Wolfgang Bockhorst</td>
<td width="350" valign="top">Die Grafen von Tecklenburg aus dem Haus Schwerin</td>
<td width="104" valign="top">Seite 63</td>
</tr>
<tr>
<td width="196" valign="top">Nadine Mai</td>
<td width="350" valign="top">Das Loste-Rentabel im Dom zu Schwerin. Form und Funktion einer spätmittelalterlichen Stiftung</td>
<td width="104" valign="top">Seite 85</td>
</tr>
<tr>
<td width="196" valign="top">Matthias Manke</td>
<td width="350" valign="top">Tagediebe, Trunkenbolde, Totschläger. Soldatenrekrutierung zwischen Bestrafung und Barmherzigkeit in Mecklenburg-Schwerin am Ende des 18. Jahrhunderts</td>
<td width="104" valign="top">Seite 131</td>
</tr>
<tr>
<td width="196" valign="top">Dirk Alvermann</td>
<td width="350" valign="top">Ludwig Gotthard Kosegarten (1758-1818). Thematische Annäherungen</td>
<td width="104" valign="top">Seite 169</td>
</tr>
<tr>
<td width="196" valign="top">Bernd Kasten</td>
<td width="350" valign="top">Die Monarchie als Fassade – Hofskandale in Mecklenburg 1850-1930</td>
<td width="104" valign="top">Seite 213</td>
</tr>
<tr>
<td width="196" valign="top">Andreas Frost</td>
<td width="350" valign="top">Neue Details zum Tod von Großherzog Adolf Friedrich VI.</td>
<td width="104" valign="top">Seite 239</td>
</tr>
<tr>
<td width="196" valign="top">Horst Sieber</td>
<td width="350" valign="top">Kampf der Weißen Seuche. Zur Geschichte des Mecklenburgischen Landesvereins zur Gründung von Lungenheilstätten</td>
<td width="104" valign="top">Seite 283</td>
</tr>
<tr>
<td width="196" valign="top">Wolfgang Blöß</td>
<td width="350" valign="top">Zwischen fehlender Souveränität und Deutschlandpolitik. Die brandenburgisch-mecklenburgische Grenze 1945-1952</td>
<td width="104" valign="top">Seite 303</td>
</tr>
<tr>
<td width="196" valign="top">Antje Koolman</td>
<td width="350" valign="top">Die Wiederbelebung einer jugendlichen Schwärmerei. Briefe Herzog Georgs von Mecklenburg-Strelitz an Madame Julie Récamier aus Beginn und Mitte des 19. Jahrhunderts</td>
<td width="104" valign="top">Seite 343</td>
</tr>
<tr>
<td width="196" valign="top">Christine Rehberg-Credé</td>
<td width="350" valign="top">Erinnerungen der Anna von der Schulenburg an ihre Zeit als Hofdame bei Großherzogin Anastasia 1903. Eine ungedruckte Quelle im Stadtarchiv Schwerin</td>
<td width="104" valign="top">Seite 367</td>
</tr>
<tr>
<td width="196" valign="top"> </td>
<td width="350" valign="top">Tuberkulose-Bekämpfung. Die Tageserholungsstätte im Schweriner Schlossgarten</td>
<td width="104" valign="top">Seite 401</td>
</tr>
<tr>
<td width="196" valign="top">Alla Dmytruk</td>
<td width="350" valign="top">Neuerscheinungen des Jahres 2008 zur mecklenburgischen Geschichte in Auswahl</td>
<td width="104" valign="top">Seite 405</td>
</tr>
<tr>
<td width="196" valign="top"> </td>
<td width="350" valign="top">Tätigkeitsbericht des Vereins für mecklenburgische Geschichte und Altertumskunde e. V. für das Jahr 2008</td>
<td width="104" valign="top">Seite 417</td>
</tr>
<tr>
<td width="196" valign="top"> </td>
<td width="350" valign="top">Aus der Arbeit der Historischen Kommission für Mecklenburg e. V.</td>
<td width="104" valign="top">Seite 420</td>
</tr>
</tbody>
</table>

<p>Inhaltsverzeichnis Jahrgang 124 (2009) Michael R. Hofmann Die Ordenszugehörigkeit des Klosters Sonnenkamp zu Neukloster Seite 7 Bernd Ulrich Hucker Die Grafen von Schwerin – hoch- und spätmittelalterliche Landes- und Standesherren &hellip; <a class="readmore" href="https://www.geschichtsverein-mecklenburg.de/?page_id=358">Continue reading <span class="meta-nav">&rarr;</span></a></p>
