{"id":269,"date":"2012-03-15T14:55:36","date_gmt":"2012-03-15T14:55:36","guid":{"rendered":"http:\/\/test.heimatkunde-mv.de\/?page_id=269"},"modified":"2012-04-04T07:37:44","modified_gmt":"2012-04-04T07:37:44","slug":"mecklenburgische-jahrbucher-1998","status":"publish","type":"page","link":"https:\/\/www.geschichtsverein-mecklenburg.de\/?page_id=269","title":{"rendered":"Mecklenburgische Jahrb\u00fccher 113 (1998)"},"content":{"rendered":"<h2>Inhaltsverzeichnis<\/h2>\n<h3>Jahrgang 113 (1998)<\/h3>\n<table border=\"0\">\n<tbody>\n<tr>\n<td valign=\"top\">Hans-Dietrich Kahl<\/td>\n<td valign=\"top\">Die Anf\u00e4nge Schwerins<\/td>\n<td width=\"70\" valign=\"top\">Seite 5<\/td>\n<\/tr>\n<tr>\n<td valign=\"top\">Peter Donat<\/td>\n<td valign=\"top\">Arch\u00e4ologische Beitr\u00e4ge zur obodritischen Geschichte und Kultur im 12. Jahrhundert<\/td>\n<td width=\"70\" valign=\"top\">Seite 125<\/td>\n<\/tr>\n<tr>\n<td valign=\"top\">Ernst M\u00fcnch<\/td>\n<td valign=\"top\">Heilig oder t\u00f6richt? Der Wendekreuzzug von 1147 und sein Stellenwert f\u00fcr Mecklenburg im Lichte der Geschichtsschreibung vom 16. bis 20. Jahrhundert<\/td>\n<td width=\"70\" valign=\"top\">Seite 139<\/td>\n<\/tr>\n<tr>\n<td valign=\"top\">Andreas R\u00f6pcke<\/td>\n<td valign=\"top\">Anf\u00e4nge, Aufgaben und Aktivit\u00e4ten der Antoniter in Tempzin<\/td>\n<td width=\"70\" valign=\"top\">Seite 157<\/td>\n<\/tr>\n<tr>\n<td valign=\"top\">Sabine Pettke<\/td>\n<td valign=\"top\">Aus dem Druckschaffen der Rostocker Br\u00fcder vom gemeinsamen Leben<\/td>\n<td width=\"70\" valign=\"top\">Seite 177<\/td>\n<\/tr>\n<tr>\n<td valign=\"top\">Astrid H\u00e4ndel<\/td>\n<td valign=\"top\">Medizinstudium in Rostock im 15. und 16. Jahrhundert bis zur ersten Reorganisation der Universit\u00e4t<\/td>\n<td width=\"70\" valign=\"top\">Seite 197<\/td>\n<\/tr>\n<tr>\n<td valign=\"top\">Gerhard Heitz<\/td>\n<td valign=\"top\">Der Mecklenburgische Patriotische Verein<\/td>\n<td width=\"70\" valign=\"top\">Seite 233<\/td>\n<\/tr>\n<tr>\n<td valign=\"top\">Reno Stutz<\/td>\n<td valign=\"top\">Zur kapitalistischen Umgestaltung der Landwirtschaft im Gro\u00dfherzogtum Mecklenburg-Schwerin in der 2. H\u00e4lfe des 19. Jahrhunderts<\/td>\n<td width=\"70\" valign=\"top\">Seite 255<\/td>\n<\/tr>\n<tr>\n<td valign=\"top\">Axel Lubinski<\/td>\n<td valign=\"top\">Zu den Sozialverh\u00e4ltnissen der Landarbeiter in Mecklenburg-Strelitz im 19. Jahrhundert<\/td>\n<td width=\"70\" valign=\"top\">Seite 269<\/td>\n<\/tr>\n<\/tbody>\n<\/table>\n","protected":false},"excerpt":{"rendered":"<p>Inhaltsverzeichnis Jahrgang 113 (1998) Hans-Dietrich Kahl Die Anf\u00e4nge Schwerins Seite 5 Peter Donat Arch\u00e4ologische Beitr\u00e4ge zur obodritischen Geschichte und Kultur im 12. Jahrhundert Seite 125 Ernst M\u00fcnch Heilig oder t\u00f6richt? &hellip; <a class=\"readmore\" href=\"https:\/\/www.geschichtsverein-mecklenburg.de\/?page_id=269\">Continue reading <span class=\"meta-nav\">&rarr;<\/span><\/a><\/p>\n","protected":false},"author":1,"featured_media":0,"parent":243,"menu_order":8,"comment_status":"open","ping_status":"open","template":"","meta":{"footnotes":""},"class_list":["post-269","page","type-page","status-publish","hentry"],"_links":{"self":[{"href":"https:\/\/www.geschichtsverein-mecklenburg.de\/index.php?rest_route=\/wp\/v2\/pages\/269"}],"collection":[{"href":"https:\/\/www.geschichtsverein-mecklenburg.de\/index.php?rest_route=\/wp\/v2\/pages"}],"about":[{"href":"https:\/\/www.geschichtsverein-mecklenburg.de\/index.php?rest_route=\/wp\/v2\/types\/page"}],"author":[{"embeddable":true,"href":"https:\/\/www.geschichtsverein-mecklenburg.de\/index.php?rest_route=\/wp\/v2\/users\/1"}],"replies":[{"embeddable":true,"href":"https:\/\/www.geschichtsverein-mecklenburg.de\/index.php?rest_route=%2Fwp%2Fv2%2Fcomments&post=269"}],"version-history":[{"count":4,"href":"https:\/\/www.geschichtsverein-mecklenburg.de\/index.php?rest_route=\/wp\/v2\/pages\/269\/revisions"}],"predecessor-version":[{"id":402,"href":"https:\/\/www.geschichtsverein-mecklenburg.de\/index.php?rest_route=\/wp\/v2\/pages\/269\/revisions\/402"}],"up":[{"embeddable":true,"href":"https:\/\/www.geschichtsverein-mecklenburg.de\/index.php?rest_route=\/wp\/v2\/pages\/243"}],"wp:attachment":[{"href":"https:\/\/www.geschichtsverein-mecklenburg.de\/index.php?rest_route=%2Fwp%2Fv2%2Fmedia&parent=269"}],"curies":[{"name":"wp","href":"https:\/\/api.w.org\/{rel}","templated":true}]}}

Mecklenburgische Jahrbücher 113 (1998)

<h2>Inhaltsverzeichnis</h2>
<h3>Jahrgang 113 (1998)</h3>
<table border="0">
<tbody>
<tr>
<td valign="top">Hans-Dietrich Kahl</td>
<td valign="top">Die Anfänge Schwerins</td>
<td width="70" valign="top">Seite 5</td>
</tr>
<tr>
<td valign="top">Peter Donat</td>
<td valign="top">Archäologische Beiträge zur obodritischen Geschichte und Kultur im 12. Jahrhundert</td>
<td width="70" valign="top">Seite 125</td>
</tr>
<tr>
<td valign="top">Ernst Münch</td>
<td valign="top">Heilig oder töricht? Der Wendekreuzzug von 1147 und sein Stellenwert für Mecklenburg im Lichte der Geschichtsschreibung vom 16. bis 20. Jahrhundert</td>
<td width="70" valign="top">Seite 139</td>
</tr>
<tr>
<td valign="top">Andreas Röpcke</td>
<td valign="top">Anfänge, Aufgaben und Aktivitäten der Antoniter in Tempzin</td>
<td width="70" valign="top">Seite 157</td>
</tr>
<tr>
<td valign="top">Sabine Pettke</td>
<td valign="top">Aus dem Druckschaffen der Rostocker Brüder vom gemeinsamen Leben</td>
<td width="70" valign="top">Seite 177</td>
</tr>
<tr>
<td valign="top">Astrid Händel</td>
<td valign="top">Medizinstudium in Rostock im 15. und 16. Jahrhundert bis zur ersten Reorganisation der Universität</td>
<td width="70" valign="top">Seite 197</td>
</tr>
<tr>
<td valign="top">Gerhard Heitz</td>
<td valign="top">Der Mecklenburgische Patriotische Verein</td>
<td width="70" valign="top">Seite 233</td>
</tr>
<tr>
<td valign="top">Reno Stutz</td>
<td valign="top">Zur kapitalistischen Umgestaltung der Landwirtschaft im Großherzogtum Mecklenburg-Schwerin in der 2. Hälfe des 19. Jahrhunderts</td>
<td width="70" valign="top">Seite 255</td>
</tr>
<tr>
<td valign="top">Axel Lubinski</td>
<td valign="top">Zu den Sozialverhältnissen der Landarbeiter in Mecklenburg-Strelitz im 19. Jahrhundert</td>
<td width="70" valign="top">Seite 269</td>
</tr>
</tbody>
</table>

<p>Inhaltsverzeichnis Jahrgang 113 (1998) Hans-Dietrich Kahl Die Anfänge Schwerins Seite 5 Peter Donat Archäologische Beiträge zur obodritischen Geschichte und Kultur im 12. Jahrhundert Seite 125 Ernst Münch Heilig oder töricht? &hellip; <a class="readmore" href="https://www.geschichtsverein-mecklenburg.de/?page_id=269">Continue reading <span class="meta-nav">&rarr;</span></a></p>
