{"id":207,"date":"2011-09-14T13:03:58","date_gmt":"2011-09-14T13:03:58","guid":{"rendered":"http:\/\/test.heimatkunde-mv.de\/?page_id=207"},"modified":"2018-05-08T16:57:57","modified_gmt":"2018-05-08T16:57:57","slug":"podcast","status":"publish","type":"page","link":"https:\/\/www.geschichtsverein-mecklenburg.de\/?page_id=207","title":{"rendered":"Multimedia"},"content":{"rendered":"<p><img loading=\"lazy\" decoding=\"async\" class=\"alignnone\" title=\"pod\" src=\"https:\/\/www.geschichtsverein-mecklenburg.de\/wp-content\/uploads\/pod.jpg\" alt=\"\" width=\"600\" height=\"200\" \/><\/p>\n<p>Interessieren Sie sich f\u00fcr unsere Veranstaltungen, k\u00f6nnen aber aus Gr\u00fcnden der Zeit oder des Ortes nicht daran teilnehmen? Nutzen Sie die M\u00f6glichkeit des &#8222;Vortragsmitschnitts&#8220;, sich vergangene Vortr\u00e4ge noch einmal als Audiodatei anzuh\u00f6ren.<\/p>\n<p>Suchen Sie einen Einstieg in die mecklenburgische Landesgeschichte und wissen Sie nicht, wo Sie anfangen sollen? Verschaffen Sie sich bei den &#8222;Literaturempfehlungen&#8220; einen schnellen \u00dcberblick.<\/p>\n<p>M\u00f6chten Sie wissen, welche Forschungsthemen in j\u00fcngster Zeit bearbeitet worden sind? Informieren Sie sich in der &#8222;Aktuellen Auswahlbibliographie&#8220;, die j\u00e4hrlich zusammengestellt wird.<\/p>\n<p>Kann unsere Internetseite Ihnen nicht die Informationen bieten, die Sie suchen? Versuchen Sie es mit den &#8222;Links&#8220; zu anderen Einrichtungen und Angeboten zur Geschichte und Altertumskunde.<\/p>\n","protected":false},"excerpt":{"rendered":"<p>Interessieren Sie sich f\u00fcr unsere Veranstaltungen, k\u00f6nnen aber aus Gr\u00fcnden der Zeit oder des Ortes nicht daran teilnehmen? Nutzen Sie die M\u00f6glichkeit des &#8222;Vortragsmitschnitts&#8220;, sich vergangene Vortr\u00e4ge noch einmal als &hellip; <a class=\"readmore\" href=\"https:\/\/www.geschichtsverein-mecklenburg.de\/?page_id=207\">Continue reading <span class=\"meta-nav\">&rarr;<\/span><\/a><\/p>\n","protected":false},"author":1,"featured_media":0,"parent":0,"menu_order":5,"comment_status":"open","ping_status":"closed","template":"","meta":{"footnotes":""},"class_list":["post-207","page","type-page","status-publish","hentry"],"_links":{"self":[{"href":"https:\/\/www.geschichtsverein-mecklenburg.de\/index.php?rest_route=\/wp\/v2\/pages\/207"}],"collection":[{"href":"https:\/\/www.geschichtsverein-mecklenburg.de\/index.php?rest_route=\/wp\/v2\/pages"}],"about":[{"href":"https:\/\/www.geschichtsverein-mecklenburg.de\/index.php?rest_route=\/wp\/v2\/types\/page"}],"author":[{"embeddable":true,"href":"https:\/\/www.geschichtsverein-mecklenburg.de\/index.php?rest_route=\/wp\/v2\/users\/1"}],"replies":[{"embeddable":true,"href":"https:\/\/www.geschichtsverein-mecklenburg.de\/index.php?rest_route=%2Fwp%2Fv2%2Fcomments&post=207"}],"version-history":[{"count":8,"href":"https:\/\/www.geschichtsverein-mecklenburg.de\/index.php?rest_route=\/wp\/v2\/pages\/207\/revisions"}],"predecessor-version":[{"id":721,"href":"https:\/\/www.geschichtsverein-mecklenburg.de\/index.php?rest_route=\/wp\/v2\/pages\/207\/revisions\/721"}],"wp:attachment":[{"href":"https:\/\/www.geschichtsverein-mecklenburg.de\/index.php?rest_route=%2Fwp%2Fv2%2Fmedia&parent=207"}],"curies":[{"name":"wp","href":"https:\/\/api.w.org\/{rel}","templated":true}]}}